
5
What is the units digit of 13644?
4
What is the ten thousands digit of 10457?
1
What is the ten thousands digit of 19288?
1
What is the units digit of 10106?
6
What is the ten thousands digit of 13586?
1
What is the hundreds digit of 2388?
3
What is the hundreds digit of 14113?
1
What is the thousands digit of 2260?
2
What is the units digit of 831?
1
What is the units digit of 1246?
6
What is the hundreds digit of 2623?
6
What is the ten thousands digit of 44472?
4
What is the hundreds digit of 1180?
1
What is the hundreds digit of 137109?
1
What is the thousands digit of 21123?
1
What is the units digit of 7947?
7
What is the hundreds digit of 2236?
2
What is the thousands digit of 27231?
7
What is the units digit of 2165?
5
What is the thousands digit of 44680?
4
What is the units digit of 65346?
6
What is the tens digit of 939?
3
What is the tens digit of 9111?
1
What is the hundreds digit of 531?
5
What is the hundreds digit of 3822?
8
What is the hundreds digit of 18319?
3
What is the thousands digit of 2442?
2
What is the tens digit of 737?
3
What is the units digit of 3976?
6
What is the units digit of 26127?
7
What is the thousands digit of 10989?
0
What is the thousands digit of 1392?
1
What is the units digit of 930?
0
What is the units digit of 1742?
2
What is the units digit of 620?
0
What is the tens digit of 998?
9
What is the hundreds digit of 17976?
9
What is the tens digit of 455?
5
What is the tens digit of 24978?
7
What is the thousands digit of 9584?
9
What is the units digit of 89400?
0
What is the thousands digit of 37562?
7
What is the tens digit of 8305?
0
What is the tens digit of 60804?
0
What is the hundreds digit of 8549?
5
What is the thousands digit of 1379?
1
What is the hundreds digit of 32902?
9
What is the tens digit of 2676?
7
What is the hundreds digit of 31601?
6
What is the ten thousands digit of 12859?
1
What is the units digit of 102883?
3
What is the hundreds digit of 2224?
2
What is the hundreds digit of 41622?
6
What is the hundreds digit of 35905?
9
What is the tens digit of 3054?
5
What is the tens digit of 19?
1
What is the thousands digit of 12021?
2
What is the hundreds digit of 28658?
6
What is the thousands digit of 28199?
8
What is the tens digit of 105038?
3
What is the thousands digit of 1990?
1
What is the tens digit of 764?
6
What is the tens digit of 1789?
8
What is the tens digit of 954?
5
What is the thousands digit of 18567?
8
What is the tens digit of 23128?
2
What is the units digit of 395?
5
What is the thousands digit of 20127?
0
What is the hundred thousands digit of 146045?
1
What is the tens digit of 742?
4
What is the thousands digit of 68390?
8
What is the hundreds digit of 17767?
7
What is the ten thousands digit of 13006?
1
What is the tens digit of 5317?
1
What is the tens digit of 422?
2
What is the hundreds digit of 551?
5
What is the units digit of 26681?
1
What is the units digit of 220?
0
What is the hundreds digit of 62266?
2
What is the thousands digit of 9078?
9
What is the thousands digit of 92822?
2
What is the hundreds digit of 424?
4
What is the tens digit of 5637?
3
What is the units digit of 335?
5
What is the tens digit of 17924?
2
What is the units digit of 2603?
3
What is the hundreds digit of 628?
6
What is the thousands digit of 4149?
4
What is the hundreds digit of 2544?
5
What is the tens digit of 239?
3
What is the tens digit of 1141?
4
What is the thousands digit of 34967?
4
What is the tens digit of 235?
3
What is the hundreds digit of 31659?
6
What is the hundreds digit of 106994?
9
What is the hundreds digit of 10921?
9
What is the tens digit of 29?
2
What is the units digit of 3728?
8
What is the tens digit of 10146?
4
What is the thousands digit of 32369?
2
What is the hundreds digit of 70917?
9
What is the ten thousands digit of 51213?
5
What is the hundreds digit of 2622?
6
What is the tens digit of 7394?
9
What is the tens digit of 819?
1
What is the hundreds digit of 55399?
3
What is the thousands digit of 5721?
5
What is the hundred thousands digit of 139436?
1
What is the tens digit of 16967?
6
What is the tens digit of 62195?
9
What is the thousands digit of 46082?
6
What is the thousands digit of 1554?
1
What is the tens digit of 57667?
6
What is the ten thousands digit of 12057?
1
What is the units digit of 2246?
6
What is the tens digit of 447?
4
What is the tens digit of 31799?
9
What is the units digit of 1638?
8
What is the ten thousands digit of 11216?
1
What is the hundreds digit of 11135?
1
What is the hundreds digit of 1957?
9
What is the thousands digit of 1939?
1
What is the ten thousands digit of 26474?
2
What is the tens digit of 18560?
6
What is the thousands digit of 1642?
1
What is the hundreds digit of 218?
2
What is the thousands digit of 1829?
1
What is the units digit of 2975?
5
What is the thousands digit of 1344?
1
What is the thousands digit of 35679?
5
What is the units digit of 38433?
3
What is the units digit of 3704?
4
What is the hundreds digit of 33704?
7
What is the units digit of 107640?
0
What is the tens digit of 9730?
3
What is the thousands digit of 2945?
2
What is the units digit of 9844?
4
What is the ten thousands digit of 18395?
1
What is the hundreds digit of 742?
7
What is the units digit of 1180?
0
What is the tens digit of 647?
4
What is the units digit of 11120?
0
What is the units digit of 62019?
9
What is the units digit of 1844?
4
What is the hundreds digit of 904?
9
What is the hundreds digit of 1164?
1
What is the ten thousands digit of 64486?
6
What is the ten thousands digit of 54193?
5
What is the thousands digit of 10543?
0
What is the units digit of 5706?
6
What is the hundreds digit of 12430?
4
What is the tens digit of 1746?
4
What is the hundreds digit of 147?
1
What is the units digit of 102075?
5
What is the thousands digit of 3939?
3
What is the tens digit of 103?
0
What is the hundreds digit of 23788?
7
What is the units digit of 840?
0
What is the thousands digit of 28014?
8
What is the thousands digit of 87892?
7
What is the ten thousands digit of 90462?
9
What is the tens digit of 57017?
1
What is the hundreds digit of 120?
1
What is the hundreds digit of 9585?
5
What is the tens digit of 29959?
5
What is the tens digit of 700?
0
What is the units digit of 5937?
7
What is the hundreds digit of 100729?
7
What is the hundreds digit of 9183?
1
What is the units digit of 9055?
5
What is the hundred thousands digit of 100762?
1
What is the tens digit of 11731?
3
What is the units digit of 18044?
4
What is the hundreds digit of 34089?
0
What is the tens digit of 216?
1
What is the thousands digit of 45711?
5
What is the thousands digit of 4051?
4
What is the ten thousands digit of 57250?
5
What is the thousands digit of 4244?
4
What is the thousands digit of 1682?
1
What is the tens digit of 1305?
0
What is the units digit of 907?
7
What is the units digit of 1977?
7
What is the units digit of 3101?
1
What is the tens digit of 1168?
6
What is the tens digit of 10424?
2
What is the hundreds digit of 31576?
5
What is the units digit of 630?
0
What is the units digit of 1977?
7
What is the tens digit of 52367?
6
What is the hundreds digit of 4856?
8
What is the thousands digit of 15450?
5
What is the thousands digit of 2990?
2
What is the units digit of 778?
8
What is the ten thousands digit of 26114?
2
What is the tens digit of 4028?
2
What is the units digit of 37062?
2
What is the tens digit of 9334?
3
What is the units digit of 5681?
1
What is the thousands digit of 1568?
1
What is the thousands digit of 1879?
1
What is the tens digit of 41?
4
What is the units digit of 19092?
2
What is the units digit of 847?
7
What is the tens digit of 5474?
7
What is the tens digit of 49092?
9
What is the thousands digit of 2444?
2
What is the hundreds digit of 261?
2
What is the units digit of 1924?
4
What is the ten thousands digit of 37989?
3
What is the tens digit of 5472?
7
What is the hundreds digit of 2145?
1
What is the tens digit of 16717?
1
What is the tens digit of 2561?
6
What is the hundreds digit of 17722?
7
What is the tens digit of 5761?
6
What is the hundreds digit of 490?
4
What is the tens digit of 2707?
0
What is the thousands digit of 1518?
1
What is the units digi